{"id":2,"date":"2008-06-29T21:13:45","date_gmt":"2008-06-29T19:13:45","guid":{"rendered":"https:\/\/blog.zitnik.si\/?page_id=2"},"modified":"2022-08-07T22:39:29","modified_gmt":"2022-08-07T20:39:29","slug":"about","status":"publish","type":"page","link":"https:\/\/blog.zitnik.si\/?page_id=2","title":{"rendered":"About me"},"content":{"rendered":"<p>&nbsp;<\/p>\n<table style=\"border-style: hidden;\" cellpadding=\"5px\" align=\"center\">\n<tbody>\n<tr>\n<td><b>First Name<\/b><\/td>\n<td>Slavko<\/td>\n<\/tr>\n<tr>\n<td><b>Last Name<\/b><\/td>\n<td>\u017ditnik<\/td>\n<\/tr>\n<tr>\n<td><b>Curriculum Vitae<\/b><\/td>\n<td><a href=\"https:\/\/wiki.zitnik.si\/images\/2\/25\/SlavkoZitnik_CV.pdf\" target=\"_blank\" rel=\"noopener\">Curriculum Vitae<\/a><\/td>\n<\/tr>\n<tr>\n<td><b>*Birth &#8211; \u2020Death<\/b><\/td>\n<td>*7.6.1987 &#8211; \u2020NaDate.<\/td>\n<\/tr>\n<tr>\n<td><b>Address<\/b><\/td>\n<td>Vrbi\u010dje 4<br \/>\nSI-1290 Grosuplje<br \/>\nSlovenia, Europe<\/td>\n<\/tr>\n<tr>\n<td><b>Deprecated Address (since 21.7.2010)<\/b><\/td>\n<td><del datetime=\"2010-07-21T15:36:37+00:00\">Mali Lipoglav 4<br \/>\nSI-1293 \u0160marje-Sap<br \/>\nSlovenia, Europe<\/del><\/td>\n<\/tr>\n<tr>\n<td><b>Bank account (Sparkasse)<\/b><\/td>\n<td>SI56 3400 0101 2725 663<br \/>\nBanka Sparkasse d.d.<br \/>\nCesta v Kle\u010de 15<br \/>\nSI-1000 Ljubljana<br \/>\nSlovenia, Europe<br \/>\nSWIFT: KSPKSI22XXX<\/td>\n<\/tr>\n<\/tbody>\n<\/table>\n<p>&nbsp;<\/p>\n","protected":false},"excerpt":{"rendered":"<p>&nbsp; First Name Slavko Last Name \u017ditnik Curriculum Vitae Curriculum Vitae *Birth &#8211; \u2020Death *7.6.1987 &#8211; \u2020NaDate. Address Vrbi\u010dje 4 SI-1290 Grosuplje Slovenia, Europe Deprecated Address (since 21.7.2010) Mali Lipoglav 4 SI-1293 \u0160marje-Sap Slovenia, Europe Bank account (Sparkasse) SI56 3400 0101 2725 663 Banka Sparkasse d.d. Cesta v Kle\u010de 15&#8230;<\/p>\n<div class=\"more-link-wrapper\"><a class=\"more-link\" href=\"https:\/\/blog.zitnik.si\/?page_id=2\">Continue reading<span class=\"screen-reader-text\">About me<\/span><\/a><\/div>\n","protected":false},"author":1,"featured_media":0,"parent":0,"menu_order":1,"comment_status":"closed","ping_status":"closed","template":"","meta":{"footnotes":""},"class_list":["post-2","page","type-page","status-publish","hentry","entry"],"_links":{"self":[{"href":"https:\/\/blog.zitnik.si\/index.php?rest_route=\/wp\/v2\/pages\/2","targetHints":{"allow":["GET"]}}],"collection":[{"href":"https:\/\/blog.zitnik.si\/index.php?rest_route=\/wp\/v2\/pages"}],"about":[{"href":"https:\/\/blog.zitnik.si\/index.php?rest_route=\/wp\/v2\/types\/page"}],"author":[{"embeddable":true,"href":"https:\/\/blog.zitnik.si\/index.php?rest_route=\/wp\/v2\/users\/1"}],"replies":[{"embeddable":true,"href":"https:\/\/blog.zitnik.si\/index.php?rest_route=%2Fwp%2Fv2%2Fcomments&post=2"}],"version-history":[{"count":14,"href":"https:\/\/blog.zitnik.si\/index.php?rest_route=\/wp\/v2\/pages\/2\/revisions"}],"predecessor-version":[{"id":1904,"href":"https:\/\/blog.zitnik.si\/index.php?rest_route=\/wp\/v2\/pages\/2\/revisions\/1904"}],"wp:attachment":[{"href":"https:\/\/blog.zitnik.si\/index.php?rest_route=%2Fwp%2Fv2%2Fmedia&parent=2"}],"curies":[{"name":"wp","href":"https:\/\/api.w.org\/{rel}","templated":true}]}}